m) = -m**3. Calculate g(1).
-1
Let v(z) = z**2 + 17*z - 137. Calculate v(6).
1
Let c(i) = i**3 + 7*i**2 + 4*i - 6. Give c(-6).
6
Let o(v) = 17*v - 1. Calculate o(-3).
-52
Let u(k) = k**2 + 12*k - 1. Determine u(-13).
12
Let j(i) = -i**2 + 24*i - 88. Calculate j(20).
-8
Let z(w) = w**3 + 11*w**2 - w - 10. Calculate z(-11).
1
Let p(b) = b**3 + b**2 + b - 4. What is p(0)?
-4
Let l(h) = h**2 - 4*h + 13. Determine l(4).
13
Let v(t) = -48*t + 52. Determine v(1).
4
Let b(v) = v**3 - 9*v**2 - 52*v + 12. What is b(13)?
12
Let g(c) = -c**3 + 6*c**2 + 3*c - 5. Determine g(6).
13
Let a(u) = 3*u**2 + 180*u + 178. Give a(-59).
1
Let k(u) = u**2 - 4*u. What is k(7)?
21
Let b(a) = 37*a + 2. What is b(1)?
39
Let w(u) = u**2 + 3*u - 5. Determine w(5).
35
Let v(m) = 5*m + 19. Calculate v(-9).
-26
Let z(u) = 2*u**3 + 9*u**2 - 6*u - 5. What is z(-5)?
0
Let r(a) = 2*a + 9. What is r(-6)?
-3
Let m(i) = -i - 16. Calculate m(-13).
-3
Let r(f) = -f**3 - 28*f**2 - 117*f - 50. What is r(-23)?
-4
Let m(o) = -64*o**2 - o - 1. Determine m(-1).
-64
Let n(r) = -3*r - 14. Determine n(3).
-23
Let o(j) = j**2 + 37*j + 140. Give o(-32).
-20
Let b(x) = -8*x**2 - 3*x. Give b(-1).
-5
Let a(z) = 12*z - 51. Calculate a(2).
-27
Let x(r) = -2*r**2 + 8*r - 2. Calculate x(3).
4
Let g(v) = -11*v**2 - 3*v + 4. Calculate g(2).
-46
Let w(l) = -l**2. Calculate w(-1).
-1
Let w(f) = 3*f**3 + 3*f**2 - 6*f - 12. What is w(-2)?
-12
Let q(v) = 5*v + 102. Determine q(-22).
-8
Let h(b) = -2*b - 9. What is h(-6)?
3
Let a(i) = -10*i + 28. Determine a(14).
-112
Let f(g) = g + 8. Give f(-7).
1
Let j(y) = 26*y**2 + 156*y + 7. What is j(-6)?
7
Let p(d) = -d**2 - 15*d + 2. Determine p(-14).
16
Let w(x) = -x**2 - 11. Give w(5).
-36
Let z(v) = -5*v + 13. What is z(3)?
-2
Let k(c) = -5*c - 18. What is k(8)?
-58
Let g(s) = s**3 - 29*s**2 - 60*s - 6. Give g(31).
56
Let v(c) = c + 25. Calculate v(-19).
6
Let i(y) = -y**3 - 10*y**2 - 9*y - 226. Calculate i(-11).
-6
Let y(f) = f**3 + 17*f**2 - 13*f + 10. Calculate y(-18).
-80
Let y(k) = k - 7. What is y(6)?
-1
Let f(a) = -2*a**2 - 57*a - 32. Give f(-28).
-4
Let y(j) = 3*j**3 + 17*j**2 + 9*j + 2. Determine y(-5).
7
Let b(x) = x**3 + 6*x**2 - 5*x - 1. Determine b(-5).
49
Let y(j) = 2*j**2 - 3*j - 3. What is y(5)?
32
Let c(m) = -2*m**2 + 14*m + 7. Determine c(7).
7
Let g(u) = u**2 + 3*u - 1. Give g(2).
9
Let m(v) = -21*v - 13. Give m(-2).
29
Let s(u) = -54*u - 112. Determine s(-2).
-4
Let g(l) = -l**2 - 14*l - 20. Give g(-9).
25
Let g(b) = -2*b**3 + 11*b**2 - 6*b + 1. Calculate g(4).
25
Let z(p) = -2*p**2 - 44*p - 14. What is z(-23)?
-60
Let u(z) = z**2 + 26*z + 7. What is u(-24)?
-41
Let s(i) = -i**3 + i**2 + i - 66. Give s(0).
-66
Let v(o) = 4*o**2 - 12*o + 20. Calculate v(8).
180
Let c(b) = -b**3 + 9*b**2 - 3*b + 16. Determine c(9).
-11
Let v(l) = l**3 + 16*l**2 + l + 9. Give v(-16).
-7
Let x(o) = -7*o - 14. Calculate x(-4).
14
Let u(d) = d**3 - 3*d**2 - 5*d + 5. Calculate u(6).
83
Let n(m) = -12*m + 2. Calculate n(-1).
14
Let s(q) = q**2 - 5*q - 2. Calculate s(7).
12
Let m(x) = x**2 - 2*x - 14. Calculate m(4).
-6
Let i(d) = 27*d + 5. Give i(-2).
-49
Let u(s) = 19*s - 269. What is u(14)?
-3
Let s(m) = -m**3 - 21*m**2 + m + 21. Give s(-21).
0
Let y(i) = -i**3 - 8*i**2 + 7*i - 10. Calculate y(-9).
8
Let j(p) = 7*p + 97. Give j(-24).
-71
Let a(q) = q**2 - q + 3. Determine a(2).
5
Let w(l) = -2*l**3 - 16*l**2 - l - 5. Determine w(-8).
3
Let f(r) = r - 7. Determine f(0).
-7
Let h(k) = 3*k**2 + 21*k - 30. Give h(-8).
-6
Let k(m) = 2*m**3 - m**2 - m - 1. Calculate k(-2).
-19
Let a(f) = 2*f**2 + 14*f - 14. Determine a(-9).
22
Let i(r) = r**3 + 5*r**2 - 3*r - 3. Calculate i(-5).
12
Let k(o) = o - 17. What is k(-10)?
-27
Let k(z) = z**2 + 9*z - 1. Give k(-8).
-9
Let i(n) = -3*n - 35. Calculate i(-9).
-8
Let d(c) = 7*c - 160. Determine d(20).
-20
Let b(p) = p + 18. Determine b(-11).
7
Let c(g) = 2*g**2 + 8*g - 10. Determine c(-7).
32
Let k(p) = p**2 + 3*p + 10. Calculate k(-7).
38
Let o(m) = m. Calculate o(-1).
-1
Let c(z) = -z**2 - 7*z + 17. Determine c(-10).
-13
Let i(x) = x**3 - 9*x**2 + 10*x - 4. Calculate i(6).
-52
Let y(t) = t**3 + 8*t**2 - 7. What is y(-8)?
-7
Let s(j) = 2*j + 12. Give s(-10).
-8
Let p(x) = 2*x**2 + 52*x - 59. Determine p(-27).
-5
Let q(w) = -5*w - 1. Calculate q(-4).
19
Let z(h) = -h + 14. Give z(10).
4
Let x(m) = -m**3 + 19*m**2 - 19*m + 8. What is x(18)?
-10
Let q(v) = v**2 - 8*v + 6. Calculate q(4).
-10
Let u(a) = -a**2 + 12*a + 17. Give u(12).
17
Let i(s) = 19*s**2 - 2*s - 1. Calculate i(-2).
79
Let i(q) = 2*q**2 - 3*q - 2. What is i(-5)?
63
Let x(l) = -3*l + 6. Calculate x(4).
-6
Let q(h) = 85*h + 63. Determine q(-1).
-22
Let o(c) = c**3 - 17*c**2 - c + 13. Calculate o(17).
-4
Let r(j) = -36*j - 29. Determine r(-1).
7
Let d(l) = -l + 29. Give d(18).
11
Let s(p) = -30*p + 122. Determine s(4).
2
Let l(z) = -3*z**2 + 24*z - 9. What is l(8)?
-9
Let p(b) = -b**2 - 19*b - 50. Determine p(-18).
-32
Let z(j) = -j**2 - 8*j + 2. Give z(-5).
17
Let a(n) = 4*n - 9. What is a(13)?
43
Let z(k) = k**2 + 15*k + 12. What is z(-14)?
-2
Let r(o) = o**2 + 8*o - 12. Calculate r(-13).
53
Let a(x) = -2*x**2 - 60*x + 5. Calculate a(-30).
5
Let m(y) = y - 13. Calculate m(12).
-1
Let k(y) = -2*y**2 + 54*y. Give k(27).
0
Let y(n) = 2*n**3 - 14*n**2 - 3*n + 7. Give y(6).
-83
Let o(k) = 2*k**2 - 7*k + 9. What is o(6)?
39
Let g(k) = k**3. What is g(0)?
0
Let u(r) = -r - 23. Calculate u(-17).
-6
Let a(u) = -3*u**2 - 8*u + 7. What is a(-4)?
-9
Let x(f) = f**3 - 16*f**2 + 18*f - 21. What is x(15)?
24
Let n(a) = -12*a - 2. Determine n(2).
-26
Let c(g) = -g**2 - 16*g + 53. Determine c(-19).
-4
Let v(r) = -r**2 - 10*r - 6. Give v(-8).
10
Let w(q) = q**2 + 4*q - 1. Determine w(-8).
31
Let j(v) = v + 8. Determine j(-9).
-1
Let u(x) = -x**3 - 2*x**2 + x + 1. Calculate u(2).
-13
Let z(a) = 13*a - 98. Calculate z(6).
-20
Let c(q) = -q**3 + 23*q**2 + 21*q + 3. Give c(24).
-69
Let r(d) = -2*d**3 - 13*d**2 - 6*d + 6. Calculate r(-6).
6
Let p(a) = 44*a**3 - 2*a**2 + 4*a - 3. Calculate p(1).
43
Let u(a) = -a**3 - 4*a**2 + a - 64. Determine u(-6).
2
Let r(h) = h**3 + h**2 - 4*h. Give r(3).
24
Let g(j) = -29*j. Calculate g(1).
-29
Let s(j) = 3*j**3 + 3*j**2 - 6*j + 2. Give s(1).
2
Let k(p) = -p**3 + 15*p**2 - 33*p - 35. What is k(12)?
1
Let y(o) = -o**3 - 7*o**2 + 16*o - 4. Determine y(-9).
14
Let m(q) = q**2 - 47*q + 172. What is m(43)?
0
Let a(j) = -5*j - 34. Give a(-4).
-14
Let x(g) = g**2 - 10*g + 13. Give x(8).
-3
Let j(m) = m**3 - 16*m**2 + 16*m + 22. Determine j(15).
37
Let x(p) = p**3 - 9*p**2 - 20*p - 16. Calculate x(11).
6
Let c(p) = p**2 + 9*p - 7. Calculate c(-9).
-7
Let f(o) = o**3 - 11*o**2 - 4*o + 3. Give f(11).
-41
Let p(v) = 7*v**2 + 5*v + 7. Calculate p(-3).
55
Let f(w) = -w**2 - 40*w - 360. Calculate f(-26).
4
Let g(b) = -b**2 + 20*b - 69. What is g(15)?
6
Let x(y) = 12*y**2 - y. Determine x(-1).
13
Let j(b) = -b**3 - 18*b**2 - b - 16. Calculate j(-18).
2
Let h(c) = -2*c - 7. What is h(11)?
-29
Let s(w) = -2*w**2 - 30*w - 15. What is s(-13)?
37
Let m(k) = 21*k + 71. What is m(-4)?
-13
Let m(u) = 2*u**2 + 7*u - 2. What is m(-6)?
28
Let r(h) = h**3 + 14*h**2 - 12*h + 36. Calculate r(-15).
-9
Let p(m) = -m + 18. Give p(-4).
22
Let r(w) = 2*w**2 + 3*w - 1. What is r(3)?
26
Let z(l) = 25*l**2 + 2*l - 1. Calculate z(1).
26
Let s(f) = -f**2 + 4*f - 20. Give s(10).
-80
Let g(a) = -14*a + 104. Determine g(7).
6
Let l(n) = 11*n - 32. Determine l(2).
-10
Let y(u) = -7*u - 120. Calculate y(-18).
6
Let s(b) = -b**3 + 4*b**2 + 1. Give s(4).
1
Let l(a) = -2*a**2 + 12*a + 8. Determine l(7).
-6
Let n(x) = -22*x - 44. Determine n(-2).
0
Let v(f) = -6*f + 17. Determine v(9).
-37
Let t(g) = -g**3 - 24*g**2 + 22*g - 55. Give t(-25).
20
Let y(w) = w**3 + 27*w**2 + 49*w - 28. Give y(-25).
-3
Let y(z) = -z**2 + 19*z - 19. Calculate y(18).
-1
Let l(g) = -11*g + 5. Determine l(6).
-61
Let n(q) = -q**2 + 7*q + 16. Give n(8).
8
Let k(y) = -y**3. Calculate k(1).
-1
Let l(j) = 2*j**2 - 6*j - 11. Determine l(8).
69
Let u(k) = -3*k**2 + 3*k - 7. Give u(4).
-43
Let k(u) = -2*u - 24. Calculate k(-13).
2
Let p(k) = -k**3 - 10*k**2 + 13*k + 3. What is p(-11)?
-19
Let c(r) = 30*r. What is c(1)?
30
Let n(g) = -44*g - 124. Calculate n(-3).
8
Let t(n) = -4*n + 45. Give t(10).
5
Let q(l) = 23*l + 292. Calculate